 11.
8
Let i = 248 - -18. Suppose -8*n + 406 + i = 0. What is the remainder when n is divided by 8?
4
Suppose -32*o = -33*o - 3. Let s = o - -123. What is the remainder when s is divided by 42?
36
Let c = -234 - -228. Let l(p) = 2*p**2 - 9 + 2*p**2 - 2*p - 2*p**2 - 10. What is the remainder when l(c) is divided by 12?
5
Let m(u) = 5*u**3 - 2*u**2 + 2*u + 3. Let h(d) be the third derivative of -d**4/24 + 35*d**3/6 + 121*d**2. What is the remainder when m(3) is divided by h(-9)?
38
Let h = 3110 - 2336. Calculate the remainder when h is divided by 11.
4
Let v = -5 - -10. Suppose -v*z + 38 = 2*m, z - m = 4*m - 14. Suppose -z*t + 75 = -3. Calculate the remainder when 36 is divided by t.
10
Suppose 5*n + 795 = 5*p, -3*p + 15*n - 20*n = -429. What is the remainder when 1079 is divided by p?
8
Let m(u) = 4*u**3 - 14 + 0*u + 16 + 20*u - 3*u**2. Calculate the remainder when m(5) is divided by 66.
65
Suppose -4*c - 2*c = -36. Let m(z) = -2*z**3 + 10*z**2 + 12*z + 7. Let f(x) = x**2 - 4*x + 7. Calculate the remainder when f(6) is divided by m(c).
5
Suppose -302 = -6*v + 4*v. Let n(t) = 20*t**2 + 21*t - 16. What is the remainder when v is divided by n(-2)?
19
Calculate the remainder when 415 is divided by (-17)/((9/15)/1 + 410/(-600)).
7
Calculate the remainder when 11 - (-4 - -14) - -476 is divided by 11.
4
Let q = -703 + 736. Suppose n - 79 = 81. Calculate the remainder when n is divided by q.
28
Suppose 532*i = 524*i + 312. What is the remainder when 536 is divided by i?
29
Let p(t) = -t**3 - 67*t**2 - 18*t + 3363. Calculate the remainder when 3112 is divided by p(-66).
187
Suppose 2*l - 46 - 152 = 0. Suppose -8*d = -7*d - 5*c - 6, -5*d + 2*c + l = 0. What is the remainder when 91 is divided by d?
7
Let x(b) = -7*b. Let d be x(-3). Suppose 0 = -2*c - 25*z + 28*z + d, -90 = -5*c - 5*z. Calculate the remainder when c is divided by 3.
0
Suppose 0*l = -4*l. Suppose 2*x + 37 = t + 110, l = 3*x - 4*t - 97. Let r = x - 9. What is the remainder when 118 is divided by r?
28
Let m = -2 + 30. Suppose 58 = -2*z + 182. Let o = z + m. What is the remainder when o is divided by 25?
15
Let h(i) = 59*i - 34. Let d = 568 + -565. What is the remainder when h(d) is divided by 35?
3
Calculate the remainder when 77 is divided by ((-12)/30)/((-7)/(-700)*-5).
5
Let b = 2754 - 2753. Let l(c) = 2*c - c + 3 + 7*c. What is the remainder when l(b) is divided by 7?
4
Suppose 1482*s = -5*p + 1485*s + 74, -3*s = -4*p + 55. Calculate the remainder when 42500 is divided by p.
16
Suppose -931*z = -716*z - 35475. Suppose -2*a - 2*w = -9 - 39, -96 = -4*a - 5*w. What is the remainder when z is divided by a?
21
Let k = -179 - -169. Calculate the remainder when -6*1 + (-2130)/k is divided by 35.
32
Suppose -144387 = -90*y - 29367. Calculate the remainder when y is divided by 40.
38
Let o(l) = 2*l - 23. Let z be o(8). Let s = 3 - z. Suppose 0 = -22*q + 178 + 1076. What is the remainder when q is divided by s?
7
Suppose 2*v + 0 = 6. Suppose v*z = -2*z + 205. Suppose 2*c - 773 - 47 = -5*l, 0 = -3*l - 3*c + 501. Calculate the remainder when l is divided by z.
39
Let s(d) = 2*d**2 - d + 1. Let c be s(-2). Suppose -1066 = -2*x - c*x. Let b = x - 27. What is the remainder when b is divided by 29?
26
Suppose -71*v + 493 = -430. Calculate the remainder when 5250 is divided by v.
11
Suppose 0 = 47*i + 6*i - 73723. Calculate the remainder when i is divided by 116.
115
Suppose -261*d + 240*d + 15057 = 0. Calculate the remainder when d is divided by 173.
25
Suppose -188 = -5*t + 4*q, -3*q - 30 = -t + 1. Let x = t - 36. Suppose 5*a - 1 = -x*n + 85, 5*n = -a + 13. Calculate the remainder when a is divided by 5.
3
Let l = -1118 - -1141. What is the remainder when 3885 is divided by l?
21
Suppose -4*b + 5508 = -2680. What is the remainder when b is divided by 19?
14
Let b(h) = -h**2 + 27*h + 15. Suppose 0*k - 96 = -2*j + 2*k, -j - 2*k = -48. Let c = j + -36. What is the remainder when b(c) is divided by 28?
27
Suppose -4*r + 39 = -21. Suppose 32*x - 7412 = -87*x - 3009. What is the remainder when x is divided by r?
7
Suppose -5*w - 25 = 0, 2*a - 3*w - 2 = 3. Let x = 29 - a. Suppose -2*u + 0*u = -x. Calculate the remainder when 67 is divided by u.
16
Suppose 41*m - 276 = 40*m. Let j be 4/20 - (1 - m/20). Calculate the remainder when 28 is divided by -1*(3 + j)*-1.
12
Let z(g) = -13*g - 98. Let l be z(-20). What is the remainder when (l/(-10))/(69/(-460)) is divided by 11?
9
Let k(o) = 0*o**2 - 5*o**2 + 21*o**3 + o + 6*o**2. Suppose -1 - 7 = -2*a. Calculate the remainder when k(1) is divided by a.
3
Let f(v) = v**3 + 25*v**2 + 6*v + 174. What is the remainder when 2974 is divided by f(-25)?
22
What is the remainder when 5886 is divided by 3*(-8)/(-252) + (4 - (-18510)/126)?
148
Let y(k) = 9*k + 184. Let r be y(-18). Let a(p) = 25*p - 283. What is the remainder when a(r) is divided by 86?
9
Let t = 761 - 758. Suppose 4*b = 5*s + 156, -119 - 21 = -t*b - 2*s. Let o = -9 + 25. What is the remainder when b is divided by o?
12
Let p(v) = v**3 + 33*v**2 + 61*v + 8. Let b(d) = -31*d**2 - d + 1. Let i be b(1). Calculate the remainder when 142 is divided by p(i).
25
Let h be (2/(-3))/(0 + (-4)/54). Let z(f) = f**3 - 10*f**2 + 11*f - 13. What is the remainder when 27 is divided by z(h)?
2
Suppose 29*o - 30*o = 0. Suppose -7*h = -2*g - 11*h + 28, 4*g + h - 70 = o. Calculate the remainder when 140 is divided by g.
14
Suppose -5*m - 2*j = -m - 168, -4*j - 33 = -m. Calculate the remainder when m is divided by ((-6)/9)/(-1 + (-57)/(-63)).
6
Let i be 2/13 - 44830/(-130). Let r = i - 245. Suppose -6*v + 2*v + r = 4*b, -3*v = 2*b - 72. What is the remainder when 40 is divided by v?
18
What is the remainder when (6 - 1) + ((-308)/(-112))/((-2)/(-3376)) is divided by 25?
22
Suppose 1107 - 4937 = -90*m + 6970. What is the remainder when m is divided by 2/6 + (-112)/(-6)?
6
Suppose -59 = -42*o + 37*o - 2*j, o = 3*j + 22. Let n(a) = 27*a**2 + 5*a - 3. Calculate the remainder when n(2) is divided by o.
11
What is the remainder when (-4)/6 - (-7)/6 - (-78918)/84 is divided by 158?
150
Let u = 14333 - 13657. Calculate the remainder when u is divided by 232.
212
Suppose -61*n - 2 = -5*z - 64*n, -3*n = -5*z + 38. Let w = 8 - 5. What is the remainder when z is divided by w?
1
Suppose 0 = 3*k + 2*r - 110, -184 = -5*k - 2*r - r. Calculate the remainder when 1177 is divided by k.
37
Let p be (-8)/10*(-35)/1. Suppose p*h = 3660 - 1252. What is the remainder when 168 is divided by h?
82
Let n be 1/3 - 8/6. Suppose 18*s + 148 - 400 = 0. Let v = s - n. What is the remainder when 29 is divided by v?
14
Let b(d) = -d**3 - 4*d**2 - d + 2. Let x be b(-1). Suppose 0 = -2*q - x*q + 4, q = 4*m - 90. What is the remainder when 43 is divided by m?
20
Let k(p) = -14*p - 2. Let t(a) = -10*a**3 + 4*a + 6. Let h be t(-3). Let d = h + -254. What is the remainder when k(-5) is divided by d?
8
Suppose -117*x = -75*x - 2394. Suppose 3*o = -3*d + 69, 8 = d - 5*o + 3. Suppose -3*g + 25 = -d. Calculate the remainder when x is divided by g.
12
Let n(k) = -239*k + 289. Suppose -4*i - x = -577, -5*x = i + 14 - 182. Calculate the remainder when i is divided by n(1).
43
Let q be 264 - -1 - (-2)/(2/5). Suppose 5*p + 5*u - q = 0, -10*u + 14*u = -5*p + 268. What is the remainder when p is divided by 28?
24
What is the remainder when (1467/(-36))/((-5)/140) is divided by 43?
23
Let w(s) = 7*s**2 + 13*s + 5*s**2 + 11 - 5*s - 2*s**3 - 10*s**2. Calculate the remainder when w(-4) is divided by 11.
7
Let c = 12 + 55. Let g be 4/3 + 11/((-231)/(-1022)). Let a = c - g. What is the remainder when 66 is divided by a?
15
Suppose -19*s + 281 = -4868. What is the remainder when s is divided by 55?
51
Let d(y) = 124*y + 5435. What is the remainder when d(-41) is divided by 19?
9
Let c = -789 + 799. Suppose -5*u - 4*w + 1607 = 0, -579 + 2171 = 5*u - w. Calculate the remainder when u is divided by c.
9
Let b = -55 - -90. What is the remainder when b is divided by 4/1 - (-16 + 19 - (0 + 0))?
0
Let s(z) = -z**2 + 14*z + 62. Let y be s(17). Let f(a) = -a**3 + 13*a**2 - 14*a - 17. Calculate the remainder when f(y) is divided by 24.
23
Calculate the remainder when (-4)/46 + 137928/1288 is divided by 45.
17
Let w(s) = s**3 - 6*s**2 - 18*s + 18. Let k be w(8). Suppose 0 = -5*n - 4*j + k*j + 2